 w(s) = 79*s - 4. What is the remainder when w(l) is divided by 38?
37
Suppose 11*y - 7*y = -3*y + 574. What is the remainder when 354 is divided by y?
26
Suppose -5*d = -g - 885, 4*d + 3*g + 152 - 879 = 0. Calculate the remainder when 714 is divided by d.
2
Let t(u) = 11*u + 9. Let x be t(5). Suppose 2*d + 31 - 9 = 2*g, -2*d - x = -5*g. Let i = 75 - 36. Calculate the remainder when i is divided by g.
11
Suppose 0 = 140*j - 3934 - 9366. What is the remainder when 793 is divided by j?
33
Let g(n) = 5*n**2 - 4*n + 14. Let m be g(3). Let h = m + 50. What is the remainder when h is divided by (-212)/(-20) - (-2)/5?
9
Let u be (3/(-2))/(1/(-2)). Suppose 7 = f - u. What is the remainder when 25 is divided by f?
5
Let p be (3 - 5)*(1 - 0) + -4. Let x = -8 - p. Calculate the remainder when 158 is divided by (4 - 14)*(-2 + x).
38
Let d = -447 + 470. Suppose 350 = d*k - 524. Calculate the remainder when 121 is divided by k.
7
Suppose 158 = 2*w + 2*u, -5*w - 99 + 459 = -2*u. What is the remainder when w is divided by 33?
8
Let z = -13199 + 13219. What is the remainder when 3475 is divided by z?
15
Let o = 38 + -55. Let j = 40 - o. Let d = j - 45. What is the remainder when 20 is divided by d?
8
Let v = 235 + -240. Let g(q) = -q**3 - q**2 + 15*q - 10. Calculate the remainder when 342 is divided by g(v).
12
Suppose -1155 = -41*u - 171. Calculate the remainder when 304 is divided by u.
16
Let o be (-1)/(-4)*-2*0. Suppose j + 2*j = -6, 5*p + 5*j - 65 = o. Calculate the remainder when (44/13)/(96 + 167165/(-1742)) is divided by p.
13
Suppose 5966*k = 5954*k + 276. Calculate the remainder when 2*1*37/2 is divided by k.
14
Let j(l) = l**2 - 33*l + 426. Let f(u) = u**3 - 4*u**2 + 6*u - 16. What is the remainder when j(16) is divided by f(5)?
37
Let r(x) = x**2 - 20. Let c be r(8). Suppose 40*y + 84 = c*y. Calculate the remainder when 51 is divided by y.
9
Let f(u) = u**2 + 6*u - 4. Let k be f(-6). Let x = -364 - -390. What is the remainder when k/14 + 716/7 is divided by x?
24
Suppose 4*p - 17*p = 182. Let u(f) = -6*f - 49. What is the remainder when u(p) is divided by 2/8 - (-220)/16?
7
Let w = -10481 - -11212. Calculate the remainder when w is divided by 6.
5
Suppose 4*a = 4*a + 2*a. Suppose -2*m + 3*n = -230, -3*m - 5*n = -a*n - 307. Calculate the remainder when m is divided by 31.
16
Suppose 3*w + 369 = -2*u + 501, 221 = 5*w + 3*u. Calculate the remainder when 4792 is divided by w.
8
Let f(o) = o - 7. Let c be f(-10). Let g = -15 - c. Suppose 4*u - 148 = -g*j, 0 = 5*u + 4*j + j - 185. What is the remainder when u is divided by 5?
2
Suppose 1359 = -2*j - z, 239*j + 3*z = 234*j - 3400. Let x = -584 - j. Calculate the remainder when x is divided by 26.
15
Let g = -207 - -310. Let i = 150 - g. Calculate the remainder when i is divided by 10.
7
Let u be (-492)/(-156) + ((-12)/26)/3. Suppose 3*o - 65 = -2*j + u*j, -24 = -o - 2*j. Let i = 12 + 0. What is the remainder when o is divided by i?
10
Let l be (-4)/(-6) + 996/18. Let u = -49 + l. Let m(t) = -t**3 + 9*t**2 - 11*t + 20. What is the remainder when 161 is divided by m(u)?
38
Let j be (-32)/(-5)*85/34. Let b(t) = -t + 99. Calculate the remainder when b(j) is divided by 15.
8
Let g be 1043/35 - (-4)/20. Suppose 48*o - 50*o = -g. Calculate the remainder when 149 is divided by o.
14
Suppose -87*v + 131428 - 32700 = -63614. Calculate the remainder when v is divided by 16.
10
Let a(p) = -34*p + 4. Let n be a(-1). Suppose -4*w - 3*s = -n, 2*w - 28 = 4*s + 2. What is the remainder when w is divided by 2/(-8) - (2 - (-29)/(-4))?
1
Suppose -3*d + 8*s - 5*s + 153 = 0, -4*d = 5*s - 249. Suppose 0 = 5*z + 3*n - 2794, 3*z - 2*n - 94 = 1571. Calculate the remainder when z is divided by d.
53
Let n(g) be the third derivative of 13*g**5/30 + 5*g**4/12 + 11*g**3/6 + 8*g**2 + 2*g. What is the remainder when n(-3) is divided by 27?
26
Let q = -26959 - -27046. What is the remainder when 5562 is divided by q?
81
Suppose -372*m + 336*m + 3738 = 1290. Let k(u) = -15*u**3 + u**2 + 2*u + 2. What is the remainder when k(-2) is divided by m?
54
Let p(c) = -46*c**2 + 84*c**2 + c - 6*c - 8 - 37*c**2. Suppose -16 = -5*t + 19. Calculate the remainder when 21 is divided by p(t).
3
Suppose 67 = 10*d - 1993. Suppose d = -6*f + 506. Calculate the remainder when 97 is divided by f.
47
Let a = -12 + 40. What is the remainder when 1 + 2 - (-2156)/49 is divided by a?
19
Suppose 921 - 102 = 22*j - 61. What is the remainder when 343 is divided by j?
23
Suppose 0 = -m + 4*r + 6, 4*m - 7 = 4*r + 17. Suppose -m*n + 1488 = 294. Calculate the remainder when n is divided by (-3 + (-364)/12)*3/(-2).
49
Let a = 89 + -71. Let f = 286 + -236. Calculate the remainder when f is divided by a.
14
Suppose 4*g - 24 = 2*g - 3*q, -4*q = g - 17. Suppose 0 = g*n + 12*n - 609. Calculate the remainder when n is divided by 19.
10
Let l be -2 + (-3)/4 + 3/(-12). Let g be 3 - (-2 + l/(-1)). Suppose -x + n - 50 = -3*x, 4*n = g*x - 50. What is the remainder when x is divided by 10?
5
Let j be (-2 - -2)/((96/(-6))/8). Suppose -d - 3*o + 32 = 0, j = 4*d - 5*d - 4*o + 30. Calculate the remainder when d is divided by 3.
2
Let q(o) = 2*o + 34. Let j(t) = -19*t**2 + 2*t + 3. Let l be j(-1). Let a be q(l). What is the remainder when 26 is divided by (a - (-48)/6)/1?
2
Suppose 38*m - 78 = 36*m + 3*y, 0 = y. Suppose 0*g = 7*g - 147. What is the remainder when m is divided by g?
18
Suppose 262*g + 192 = 261*g. Let f(z) = -z**3 + 6*z**2 + 6*z - 3. Calculate the remainder when (g + 12/2)/(-3) is divided by f(6).
29
Suppose -a - 1134*m + 1448 = -1131*m, 3*a + m = 4288. Calculate the remainder when a is divided by 65.
62
Let k be ((4 - 6) + 1)*2. Let p(d) = 9*d**2 - 3*d + 1. What is the remainder when p(k) is divided by 11?
10
Suppose o + 40 = 3*o. Let r be (-1)/((-2)/4*1). Suppose r*u = 8*u - 354. Calculate the remainder when u is divided by o.
19
Suppose 6*h + 17*h = -16*h + 62673. What is the remainder when h is divided by 800?
7
Suppose -11*u = -89 - 219. Calculate the remainder when u is divided by 70/1190 + 169/17.
8
Let p(z) = 21*z + 118. Let k(b) = -82*b - 475. Let i(x) = -2*k(x) - 9*p(x). What is the remainder when 124 is divided by i(-7)?
61
Suppose 4*l = -2*m + 84, 0 = -5*l - 10*m + 5*m + 115. Let z(h) = 20*h + 106. Calculate the remainder when z(l) is divided by 49.
45
Suppose 553 = 53*q + 182. Calculate the remainder when 789 is divided by q.
5
Suppose 21*b - 23*b - 236 = 0. Let q = b + 158. What is the remainder when q is divided by 5?
0
Suppose -672 = -3*b - 5*p, 0 = -b + 235*p - 236*p + 224. What is the remainder when b is divided by 154?
70
Let d = -3116 + 5239. Calculate the remainder when d is divided by 28.
23
Let o(u) = 19*u**3 - 26*u**2 + 16*u - 40. What is the remainder when o(3) is divided by 243?
44
Let u(h) = 183*h + 2589. Calculate the remainder when u(-12) is divided by 31.
21
Let k = 568 - 405. Let u = 183 - k. Calculate the remainder when 38 is divided by u.
18
Let q(h) be the third derivative of -h**5/60 - h**4/4 + 17*h**3/6 - 13*h**2. Suppose -j + 2*j - 26 = 0. What is the remainder when j is divided by q(-7)?
6
Suppose 19*y + 15 = 24*y, 5*j + 2*y - 31 = 0. Suppose 2*b - 20*m + 15*m = 551, -4*b = j*m - 1147. What is the remainder when b is divided by 57?
55
Suppose l = 5*s + 493, 961*s - 964*s - 1443 = -3*l. What is the remainder when l is divided by 218?
42
Let c(x) = -86*x - 244. What is the remainder when c(-4) is divided by 96?
4
Suppose -623 = -16*d + 6657. Let b = d + -138. Calculate the remainder when b is divided by 25.
17
Suppose 5*t + 3*f + 37 + 78 = 0, 4*f - 46 = t. Let l = 20 + t. What is the remainder when 87 is divided by (15/5 + l)*-6?
15
Suppose 2*h - 2*i - 74 = 0, 0 = -h - 4*i - 3 + 55. Suppose 5*w + 12*w - 187 = 0. Let u = 18 - w. What is the remainder when h is divided by u?
5
Let k = -11308 - -11618. What is the remainder when k is divided by (2/(-6))/(7/(-126))?
4
Calculate the remainder when 699/15 - 3/5 is divided by (2/(-8))/(19/(-912)).
10
Let j = -14274 + 14395. Calculate the remainder when 1701 is divided by j.
7
Suppose -170*x - 154 = -2704 - 2380. Calculate the remainder when 361 is divided by x.
13
Let i = 4799 + -3064. What is the remainder when i is divided by 1728?
7
Let j(z) = -z**3 + 49*z**2 + 47*z + 171. Suppose -5*g +